6 (base 11) to base 16.
4af1c
Convert 100652 (base 8) to base 13.
12155
Convert 8cdf72 (base 16) to base 3.
122101001020220
Convert 932f1 (base 16) to base 15.
bd960
-145307 (base 9) to base 8
-256144
Convert 1056632 (base 7) to base 12.
644a5
-4ac242 (base 14) to base 5
-1124200314
Convert -100c98 (base 16) to base 14.
-1d5448
-1115095 (base 10) to base 3
-2002122121211
-15654 (base 11) to base 6
-250121
Convert 52405415 (base 6) to base 10.
1525331
Convert 70873 (base 9) to base 2.
1011011000110001
What is -10a034 (base 13) in base 5?
-100041211
4b83a (base 16) to base 7
2425524
Convert 292833 (base 15) to base 6.
110300233
Convert 10101001000100111 (base 2) to base 13.
30530
-107432 (base 12) to base 9
-437682
Convert -1c3a3 (base 15) to base 5.
-10420303
Convert 233110122 (base 4) to base 7.
1435032
-1011011101101000100 (base 2) to base 3
-201002020212
What is 28496a (base 13) in base 10?
981471
Convert -40222152 (base 6) to base 14.
-218c16
What is -106732 (base 10) in base 15?
-21957
What is -a0764 (base 11) in base 7?
-1152345
Convert -2422311302 (base 5) to base 15.
-76de37
What is -1223030 (base 4) in base 8?
-15314
What is 22671430 (base 8) in base 13?
104184a
What is 162b6b (base 13) in base 11?
345522
Convert -74627 (base 11) to base 9.
-174828
3031433 (base 6) to base 3
21022212010
Convert -736c7c (base 13) to base 2.
-1010010011001100001111
What is 221112011101 (base 3) in base 11?
313507
Convert 12110000122 (base 3) to base 6.
2144112
What is aa9560 (base 11) in base 2?
110110000000001100010
Convert -327c8c (base 13) to base 14.
-22d1c8
Convert 3bd87 (base 15) to base 4.
232320310
What is -350233 (base 6) in base 16?
-74cd
Convert 2c187 (base 15) to base 8.
425426
1b700 (base 13) to base 14
1590b
Convert -67b09 (base 15) to base 11.
-205912
What is 1530316 (base 8) in base 12?
1918ba
Convert 222101200020221 (base 3) to base 4.
311200231111
What is 785b31 (base 12) in base 7?
22205521
Convert 136048 (base 10) to base 4.
201031300
Convert -6340019 (base 10) to base 6.
-343515535
Convert 247111 (base 16) to base 10.
2388241
-120210200112 (base 3) to base 15
-6226e
What is 222bc5 (base 15) in base 3?
10001210010112
What is 3744047 (base 11) in base 14?
c14dab
2322218 (base 10) to base 11
1346798
-d80cd7 (base 14) to base 13
-1688581
Convert 21370 (base 11) to base 8.
74515
-1451c (base 13) to base 8
-112513
Convert -330502 (base 6) to base 7.
-142610
What is 2123122 (base 4) in base 5?
304241
99535 (base 10) to base 11
68867
Convert -1d945 (base 14) to base 3.
-10212010121
What is 120002102221120 (base 3) in base 12?
2829036
Convert -116a199 (base 12) to base 15.
-46a7d3
1879233 (base 12) to base 10
5137671
Convert 110010010001011011010 (base 2) to base 5.
410203242
b378a (base 13) to base 8
1165013
What is 2444213 (base 7) in base 6?
10415522
Convert -2491195 (base 10) to base 16.
-26033b
Convert -120b22 (base 13) to base 10.
-430302
What is 2000101012020 (base 3) in base 6?
34535053
Convert -110100100101110111011 (base 2) to base 16.
-1a4bbb
6775577 (base 9) to base 14
6b0cba
Convert 3cb9b1 (base 13) to base 3.
2210022112022
What is b627ac (base 13) in base 7?
51135432
2ac10 (base 15) to base 9
228816
What is 113500435 (base 6) in base 2?
1000001010000111000111
What is 4920 (base 10) in base 8?
11470
What is 1032222134 (base 5) in base 7?
24632245
-166394 (base 12) to base 7
-3160000
-66430561 (base 7) to base 8
-25647417
-5edbb (base 16) to base 10
-388539
-111001111100101010001 (base 2) to base 7
-22065646
What is -10110111001011011110 (base 2) in base 13?
-203687
Convert -47372 (base 15) to base 10.
-226907
-1101100000111111110111 (base 2) to base 4
-31200333313
Convert 143bd (base 14) to base 9.
75708
-110114314 (base 5) to base 8
-1633774
8152b9 (base 15) to base 3
102120002210010
ae55b (base 16) to base 15
e18a0
1761637 (base 9) to base 5
223013044
Convert -1021320131 (base 5) to base 10.
-2135666
Convert 2178445 (base 9) to base 11.
7320a3
Convert 2453144 (base 7) to base 8.
1150371
f4ec71 (base 16) to base 10
16051313
Convert 63bc43 (base 13) to base 9.
4355406
What is -230350036 (base 7) in base 11?
-7a35559
12220222220011 (base 3) to base 4
30000312103
Convert -3033220111 (base 4) to base 2.
-11001111101000010101
Convert 432675 (base 11) to base 9.
1263621
-1331665 (base 10) to base 16
-1451d1
Convert 11215006 (base 8) to base 11.
14108aa
-214568 (base 9) to base 3
-20111122022
Convert 43522533 (base 8) to base 14.
1354c1d
What is 1120435 (base 7) in base 2?
100010000011011000
Convert -8604878 (base 9) to base 10.
-4609457
-1111000001000000010 (base 2) to base 4
-1320020002
What is 1130141342 (base 5) in base 9?
4767480
Convert -21513243 (base 6) to base 3.
-1012220010200
-14512202 (base 6) to base 3
-221202210202
What is 11369 (base 11) in base 13?
7614
Convert 171897 (base 14) to base 11.
5044a8
What is 2312030122 (base 4) in base 15?
eb1b1
What is -104004240 (base 5) in base 15?
-8e665
22b83 (base 16) to base 9
236062
2345556 (base 7) to base 6
10212300
96088 (base 10) to base 7
550066
What is -233302301 (base 5) in base 10?
-1072201
What is 1d8e75 (base 15) in base 3?
2201112221202
-302344010 (base 5) to base 15
-19023a
What is -178d61 (base 14) in base 10?
-831321
What is -3440031 (base 5) in base 4?
-33013003
What is 103000342 (base 6) in base 15?
25e298
What is 85db04 (base 14) in base 5?
2130020004
15405115 (base 7) to base 12
5b4b34
-672826 (base 13) to base 4
-21102012313
Convert 487500 (base 10) to base 4.
1313001030
What is -219457 (base 15) in base 13?
-4407a3
Convert -54623544 (base 7) to base 8.
-21722335
What is -20113013103 (base 4) in base 11?
-1267830
What is -4aaa47 (base 11) in base 4?
-3010211001
Convert 2103a7 (base 12) to base 14.
d71a7
What is 133330021212 (base 4) in base 10?
8372838
Convert 11027467 (base 8) to base 10.
2371383
-703134 (base 10) to base 6
-23023130
What is -110110000010011101010 (base 2) in base 11?
-aaa415
Convert 9a99 (base 14) to base 15.
7e11
412247 (base 11) to base 12
27aba0
Convert -414487 (base 13) to base 15.
-20153d
-1956149 (base 11) to base 14
-61d6c9
What is -1112311001 (base 4) in base 13?
-c5b58
Convert -4038285 (base 9) to base 10.
-2151518
31400054 (base 6) to base 10
917602
3031310433 (base 5) to base 15
80d2b3
Convert 4b806 (base 12) to base 3.
12020102220
Convert 2361440 (base 8) to base 15.
cbecd
What is -42e21 (base 16) in base 10?
-273953
Convert -622543 (base 9) to base 10.
-369318
201201002022 (base 3) to base 2
1011110101100110010
What is -133043250 (base 6) in base 2?
-1010001010101101101110
Convert -1011110101001110110001 (base 2) to base 5.
-1243222432
-6804552 (base 11) to base 7
-203231102
Convert -77bd6 (base 14) to base 11.
-189259
What is -1bb503 (base 14) in base 12?
-3b99a7
7824 (base 15) to base 3
1021220221
What is 1000442 (base 8) in base 13?
925b3
-e044 (base 16) to base 12
-29284
What is 23141a (base 12) in base 15?
b189d
-1387573 (base 9) to base 13
-20ac51
Convert 2000104 (base 9) to base 2.
100000011100000110111
What is 14654643 (base 7) in base 15?
1cc5c3
-34423115 (base 6) to base 10
-1060823
Convert 2211074 (base 11) to base 16.
3b393d
-ca746 (base 13) to base 15
-73663
What is -111545410 (base 6) in base 16?
-1f4dae
Convert 26013 (base 7) to base 16.
1ad6
718833 (base 9) to base 8
1500656
Convert -843456 (base 9) to base 13.
-147189
Convert -1311626 (base 9) to base 12.
-2a66b0
Convert -894999 (base 10) to base 12.
-371b33
What is 276102 (base 10) in base 5?
32313402
What is 78343 (base 10) in base 14?
2079d
What is -2011202203 (base 4) in base 15?
-ac104
Convert 2ad0b (base 16) to base 5.
21102441
Convert 169020a (base 12) to base 11.
26a7616
Convert 467876 (base 10) to base 5.
104433001
What is 12122100 (base 4) in base 14?
97d6
Convert -1330141223 (base 5) to base 2.
-1100110101100101000100
-13c5e (base 16) to base 14
-21730
-434432 (base 7) to base 4
-102203312
Convert 38457 (base 12) to base 15.
17aba
What is 3031233120 (base 4) in base 16?
cdbd8
Convert 4045516 (base 9) to base 12.
87b889
Convert -3613472 (base 8) to base 11.
-616049
What is 30231312321 (base 4) in base 15?
45cac6
Convert 11244 (base 16) to base 10.
70212
What is 11735e (base 15) in base 14?
17a113
What is 860cdc (base 15) in base 16?
616059
169c7b (bas